ivided by 54?
9
Calculate the remainder when 3288 is divided by 106.
2
What is the remainder when 886 is divided by 178?
174
Calculate the remainder when 1470 is divided by 12.
6
What is the remainder when 357 is divided by 199?
158
What is the remainder when 572 is divided by 114?
2
What is the remainder when 311 is divided by 15?
11
What is the remainder when 111 is divided by 50?
11
Calculate the remainder when 561 is divided by 176.
33
What is the remainder when 5252 is divided by 655?
12
Calculate the remainder when 1211 is divided by 414.
383
Calculate the remainder when 539 is divided by 41.
6
What is the remainder when 96 is divided by 33?
30
What is the remainder when 403 is divided by 14?
11
What is the remainder when 452 is divided by 31?
18
What is the remainder when 127 is divided by 8?
7
Calculate the remainder when 101 is divided by 28.
17
Calculate the remainder when 161 is divided by 31.
6
Calculate the remainder when 12194 is divided by 9.
8
Calculate the remainder when 175 is divided by 45.
40
What is the remainder when 129 is divided by 5?
4
What is the remainder when 79 is divided by 38?
3
What is the remainder when 2251 is divided by 18?
1
What is the remainder when 1550 is divided by 16?
14
Calculate the remainder when 1560 is divided by 92.
88
Calculate the remainder when 61 is divided by 14.
5
Calculate the remainder when 118 is divided by 47.
24
Calculate the remainder when 647 is divided by 641.
6
What is the remainder when 207 is divided by 35?
32
Calculate the remainder when 1725 is divided by 16.
13
What is the remainder when 916 is divided by 37?
28
What is the remainder when 466 is divided by 13?
11
What is the remainder when 584 is divided by 288?
8
What is the remainder when 533 is divided by 399?
134
Calculate the remainder when 1358 is divided by 233.
193
Calculate the remainder when 14183 is divided by 6.
5
Calculate the remainder when 165 is divided by 126.
39
Calculate the remainder when 4920 is divided by 1635.
15
What is the remainder when 610 is divided by 83?
29
What is the remainder when 19 is divided by 3?
1
What is the remainder when 425 is divided by 11?
7
What is the remainder when 8 is divided by 6?
2
Calculate the remainder when 97 is divided by 19.
2
What is the remainder when 204 is divided by 185?
19
Calculate the remainder when 3683 is divided by 15.
8
Calculate the remainder when 207 is divided by 14.
11
Calculate the remainder when 67 is divided by 23.
21
Calculate the remainder when 1017 is divided by 49.
37
Calculate the remainder when 399 is divided by 13.
9
Calculate the remainder when 848 is divided by 416.
16
Calculate the remainder when 82 is divided by 3.
1
Calculate the remainder when 252 is divided by 73.
33
Calculate the remainder when 1793 is divided by 61.
24
What is the remainder when 8767 is divided by 10?
7
What is the remainder when 171 is divided by 7?
3
Calculate the remainder when 1891 is divided by 629.
4
Calculate the remainder when 31 is divided by 17.
14
Calculate the remainder when 6435 is divided by 222.
219
What is the remainder when 2661 is divided by 884?
9
Calculate the remainder when 42 is divided by 14.
0
Calculate the remainder when 2012 is divided by 13.
10
Calculate the remainder when 194 is divided by 91.
12
Calculate the remainder when 384 is divided by 111.
51
What is the remainder when 370 is divided by 53?
52
What is the remainder when 565 is divided by 97?
80
What is the remainder when 7785 is divided by 177?
174
What is the remainder when 142 is divided by 12?
10
What is the remainder when 693 is divided by 3?
0
Calculate the remainder when 464 is divided by 34.
22
What is the remainder when 1148 is divided by 89?
80
What is the remainder when 377 is divided by 42?
41
What is the remainder when 153 is divided by 22?
21
Calculate the remainder when 133 is divided by 34.
31
Calculate the remainder when 264 is divided by 46.
34
What is the remainder when 1555 is divided by 12?
7
Calculate the remainder when 338 is divided by 89.
71
What is the remainder when 643 is divided by 24?
19
Calculate the remainder when 1680 is divided by 187.
184
What is the remainder when 584 is divided by 74?
66
What is the remainder when 230 is divided by 11?
10
What is the remainder when 243 is divided by 8?
3
What is the remainder when 32025 is divided by 51?
48
Calculate the remainder when 527 is divided by 491.
36
What is the remainder when 350 is divided by 155?
40
What is the remainder when 1832 is divided by 33?
17
What is the remainder when 873 is divided by 25?
23
What is the remainder when 534 is divided by 67?
65
What is the remainder when 3879 is divided by 40?
39
Calculate the remainder when 931 is divided by 85.
81
Calculate the remainder when 332 is divided by 139.
54
What is the remainder when 445 is divided by 76?
65
Calculate the remainder when 10580 is divided by 74.
72
What is the remainder when 48 is divided by 13?
9
Calculate the remainder when 136 is divided by 49.
38
Calculate the remainder when 6 is divided by 2.
0
What is the remainder when 1055 is divided by 32?
31
What is the remainder when 167 is divided by 39?
11
What is the remainder when 223 is divided by 113?
110
Calculate the remainder when 588 is divided by 22.
16
Calculate the remainder when 64 is divided by 35.
29
What is the remainder when 925 is divided by 214?
69
Calculate the remainder when 31 is divided by 6.
1
What is the remainder when 272 is divided by 128?
16
What is the remainder when 434 is divided by 89?
78
What is the remainder when 839 is divided by 414?
11
What is the remainder when 512 is divided by 3?
2
What is the remainder when 1251 is divided by 33?
30
Calculate the remainder when 115 is divided by 47.
21
Calculate the remainder when 983 is divided by 39.
8
What is the remainder when 3331 is divided by 63?
55
What is the remainder when 1763 is divided by 63?
62
What is the remainder when 2481 is divided by 12?
9
What is the remainder when 51 is divided by 28?
23
What is the remainder when 3118 is divided by 66?
16
What is the remainder when 390 is divided by 43?
3
Calculate the remainder when 2039 is divided by 73.
68
Calculate the remainder when 506 is divided by 174.
158
What is the remainder when 82 is divided by 50?
32
What is the remainder when 416 is divided by 104?
0
Calculate the remainder when 2589 is divided by 186.
171
Calculate the remainder when 5261 is divided by 181.
12
Calculate the remainder when 8371 is divided by 19.
11
What is the remainder when 130 is divided by 37?
19
Calculate the remainder when 501 is divided by 126.
123
Calculate the remainder when 1225 is divided by 137.
129
What is the remainder when 556 is divided by 145?
121
Calculate the remainder when 67 is divided by 34.
33
What is the remainder when 512 is divided by 30?
2
What is the remainder when 738 is divided by 291?
156
What is the remainder when 259 is divided by 91?
77
What is the remainder when 331 is divided by 16?
11
What is the remainder when 717 is divided by 62?
35
What is the remainder when 129 is divided by 11?
8
Calculate the remainder when 512 is divided by 167.
11
Calculate the remainder when 362 is divided by 23.
17
What is the remainder when 547 is divided by 9?
7
What is the remainder when 97 is divided by 42?
13
What is the remainder when 81 is divided by 28?
25
Calculate the remainder when 2110 is divided by 44.
42
What is the remainder when 23 is divided by 21?
2
What is the remainder when 184 is divided by 109?
75
What is the remainder when 156 is divided by 72?
12
Calculate the remainder when 4425 is divided by 4.
1
What is the remainder when 509 is divided by 36?
5
Calculate the remainder when 784 is divided by 158.
152
What is the remainder when 6796 is divided by 131?
115
What is the remainder when 789 is divided by 781?
8
Calculate the remainder when 247 is divided by 42.
37
What is the remainder when 433 is divided by 287?
146
What is the remainder when 899 is divided by 297?
8
Calculate the remainder when 2416 is divided by 347.
334
Calculate the remainder when 6654 is divided by 128.
126
What is the remainder when 861 is divided by 176?
157
Calculate the remainder when 29 is divided by 16.
13
What is the remainder when 102 is divided by 15?
12
W